{"id":17,"date":"2009-05-07T15:13:20","date_gmt":"2009-05-07T15:13:20","guid":{"rendered":"http:\/\/hrachovec.philo.at\/?page_id=17"},"modified":"2016-10-23T10:21:37","modified_gmt":"2016-10-23T10:21:37","slug":"journalistisches","status":"publish","type":"page","link":"https:\/\/hrachovec.philo.at\/?page_id=17","title":{"rendered":"Journalismus"},"content":{"rendered":"<h4>Die Zeit<\/h4>\n<ul>\n<li><a href=\"http:\/\/www.zeit.de\/1996\/18\/netzkart.txt.19960426.xml\">Betrachtungen beim Einbau einer Netzkarte<\/a>.<br \/>\nNie wieder gro\u00dfe Worte &#8211; Medienphilosophen dr\u00f6hnen gerne vom Cyberspace.<\/li>\n<li><a href=\"http:\/\/www.zeit.de\/1996\/46\/porno.txt.19961108.xml\">Internet: Die Sexsucher auf Abwegen<\/a>.<br \/>\nWer das Internet nach dem Suchwort &#8222;Porno&#8220; durchforscht, gelangt verd\u00e4chtig oft zur Niederlassung eines Wiener Philosophieprofessors.\n<\/ul>\n<h4>Der Standard<\/h4>\n<ul>\n<li><a href=\"https:\/\/hrachovec.philo.at\/?page_id=701\">Anschauungsunterricht<\/a>.<br \/>\n&#8222;Taxi Orange&#8220;, \u00f6sterreischisches reality TV, als Lehrst\u00fcck f\u00fcr Demokratie. (27.9.2000)<\/li>\n<li>Zum <a href=\"https:\/\/hrachovec.philo.at\/?page_id=705\">Seilbahnungl\u00fcck in Kaprun<\/a>.<br \/>\nAnmerkungen zur Trauerpolitik der \u00f6sterreichischen Regierung. (14.11.2000)<\/li>\n<li><a href=\"https:\/\/hrachovec.philo.at\/?page_id=712\">Muss Dasein essen?<\/a><br \/>\nEin Karfreitagstext. (13.4. 2001)<\/li>\n<li><a href=\"https:\/\/hrachovec.philo.at\/?page_id=717\">Bildverarbeitung. Thema Wittgenstein<\/a>.<br \/>\nZum 50. Todestag des Philosophen. (28.4.2001)<\/li>\n<li><a href=\"https:\/\/hrachovec.philo.at\/?page_id=720\">einquartiert<\/a>.<br \/>\nZur Er\u00f6ffnung des Wiener Museumsquartiers. (28.6.2001)<\/li>\n<li><a href=\"http:\/\/derstandard.at\/745562\/Saetze-sezieren\">S\u00e4tze sezieren<\/a>. Donald Davidson h\u00e4lt Vorlesungen an der Wirtschaftsuniversit\u00e4t Wien (16.10.2001)<\/li>\n<li><a href=\"https:\/\/hrachovec.philo.at\/?page_id=729\">Islamismus<\/a>.<br \/>\nEin Test des Wahrheitsgehaltes von Lessings &#8222;Ringparabel&#8220; aus Anla\u00df terroristischer Aktionen. (9.12.2001)<\/li>\n<\/ul>\n<h4>Die \u201cChange\u201d Kolumne. (Change, das Magazin der EFP-Gruppe)<\/h4>\n<ul>\n<li><a href=\"https:\/\/hrachovec.philo.at\/?page_id=735\">Selbstbedienungsladen Internet<\/a><\/li>\n<li><a href=\"https:\/\/hrachovec.philo.at\/?page_id=738\">Ein frommer Wunsch<\/a><\/li>\n<li><a href=\"https:\/\/hrachovec.philo.at\/?page_id=741\">Das andere Radioprogramm<\/a><\/li>\n<li><a href=\"https:\/\/hrachovec.philo.at\/?page_id=744\">Der Systemverwalter und die Urhorde<\/a><\/li>\n<\/ul>\n<h4>.copy Beitr\u00e4ge. Erschienen im telekom.zukunftsmagazin.<\/h4>\n<ul>\n<li><a href=\"https:\/\/hrachovec.philo.at\/wp-content\/uploads\/dotcopy1.html\">Linus Torvalds und Bill Gates<\/a>\n<li><a href=\"https:\/\/hrachovec.philo.at\/wp-content\/uploads\/dotcopy_telepraesenz.html\">\u00dcberirdische Telekommunikation<\/a>\n<li><a href=\"https:\/\/hrachovec.philo.at\/wp-content\/uploads\/dotcopy5\/t1.html\">Radioaktive Frischluft<\/a>\n<\/ul>\n<h4>Falter. Programmzeitung f\u00fcr Wien<\/h4>\n<ul>\n<li><a href=\"https:\/\/hrachovec.philo.at\/?page_id=764\">\u00dcber den Wolken<\/a>.<\/li>\n<\/ul>\n<h4>Diverse Medien<\/h4>\n<ul>\n<li><a href=\"http:\/\/www.semantic-web.at\/de\/news\/herbert-hrachovec-semantik-in-gesellschaftliche-prozesse-eingebettet-ist-hier-gut-platzier\">Herbert Hrachovec: \u201eSemantik, in gesellschaftliche Prozesse eingebettet, &#8230;ist hier gut platziert\u201c.<\/a> (Semantic Web Company  14.3.2008)<\/li>\n<li><a href=\"https:\/\/hrachovec.philo.at\/?page_id=750\">Digitalmacht<\/a>. Blaue Augen, Blaue Flecken. Supervisor 1\/96 S. 8-9<\/li>\n<li><a href=\"https:\/\/hrachovec.philo.at\/?page_id=757\">Hochsaison f\u00fcr Trickk\u00fcnstler<\/a>Frankfurter Rundschau 19.1.1996, S. 16<\/li>\n<\/ul>\n<dd><a href=\"levy\/levy.html\">&Uuml;ber den Wolken<\/a><br \/>\nPierre L&#233;vy schreibt &uuml;ber die Aussichten &#8222;kollektiver Intelligenz&#8220; im Cyberspace.<\/p>\n<dd><<a href=\"unregel.html\">Unregelm&auml;&szlig;igkeiten im<br \/>\nWissenschaftsbetrieb<\/a><br \/>\nElektronische Journale&#8220; sind widerspr&uuml;chliche Komposita aus traditionellen Vorstellungen und<br \/>\n technischen Vermittlungsformen.<\/p>\n<dd><a href=\"wuetend\/wuetend.html\">W&uuml;tende Philosophen. Ein Beispiel aus dem Internet<\/a><br \/>\nAuch Philosophen an der Eliteuniversit&auml;t Oxford sind nicht gegen &#8222;flame wars&#8220; gefeit.\n<\/dl>\n\n","protected":false},"excerpt":{"rendered":"<p>Die Zeit Betrachtungen beim Einbau einer Netzkarte. Nie wieder gro\u00dfe Worte &#8211; Medienphilosophen dr\u00f6hnen gerne vom Cyberspace. Internet: Die Sexsucher auf Abwegen. Wer das Internet nach dem Suchwort &#8222;Porno&#8220; durchforscht, gelangt verd\u00e4chtig oft zur Niederlassung eines Wiener Philosophieprofessors. Der Standard Anschauungsunterricht. &#8222;Taxi Orange&#8220;, \u00f6sterreischisches reality TV, als Lehrst\u00fcck f\u00fcr Demokratie. (27.9.2000) Zum Seilbahnungl\u00fcck in Kaprun.&hellip; <a class=\"read-more\" href=\"https:\/\/hrachovec.philo.at\/?page_id=17\">Read More<\/a><\/p>\n","protected":false},"author":1,"featured_media":0,"parent":0,"menu_order":0,"comment_status":"closed","ping_status":"closed","template":"","meta":{"ngg_post_thumbnail":0,"footnotes":""},"class_list":["post-17","page","type-page","status-publish","hentry"],"_links":{"self":[{"href":"https:\/\/hrachovec.philo.at\/index.php?rest_route=\/wp\/v2\/pages\/17","targetHints":{"allow":["GET"]}}],"collection":[{"href":"https:\/\/hrachovec.philo.at\/index.php?rest_route=\/wp\/v2\/pages"}],"about":[{"href":"https:\/\/hrachovec.philo.at\/index.php?rest_route=\/wp\/v2\/types\/page"}],"author":[{"embeddable":true,"href":"https:\/\/hrachovec.philo.at\/index.php?rest_route=\/wp\/v2\/users\/1"}],"replies":[{"embeddable":true,"href":"https:\/\/hrachovec.philo.at\/index.php?rest_route=%2Fwp%2Fv2%2Fcomments&post=17"}],"version-history":[{"count":0,"href":"https:\/\/hrachovec.philo.at\/index.php?rest_route=\/wp\/v2\/pages\/17\/revisions"}],"wp:attachment":[{"href":"https:\/\/hrachovec.philo.at\/index.php?rest_route=%2Fwp%2Fv2%2Fmedia&parent=17"}],"curies":[{"name":"wp","href":"https:\/\/api.w.org\/{rel}","templated":true}]}}